e highest common factor of 14 and 1069180?
14
Calculate the highest common factor of 59620 and 3652.
44
Calculate the greatest common factor of 4843 and 116.
29
Calculate the highest common divisor of 76866 and 69.
69
What is the highest common factor of 795 and 382925?
265
Calculate the greatest common factor of 1959195 and 3290.
1645
What is the highest common factor of 94 and 513898?
94
What is the greatest common factor of 127500 and 60?
60
Calculate the highest common divisor of 48 and 4839.
3
Calculate the highest common factor of 24 and 106884.
12
What is the highest common factor of 2771 and 5053?
163
Calculate the greatest common factor of 3413337 and 471.
471
What is the highest common factor of 500 and 517550?
50
Calculate the highest common factor of 989 and 1935.
43
Calculate the greatest common divisor of 11481 and 6450.
129
Calculate the highest common factor of 2327685 and 435.
435
What is the greatest common divisor of 219249 and 153?
153
What is the highest common divisor of 498528 and 16?
16
Calculate the greatest common divisor of 2876618 and 1398.
466
What is the highest common factor of 101 and 39?
1
Calculate the greatest common factor of 5468 and 8.
4
Calculate the greatest common divisor of 62197 and 7807.
37
What is the highest common divisor of 6168 and 378?
6
What is the greatest common divisor of 144 and 153120?
48
What is the greatest common factor of 663 and 210783?
51
What is the highest common factor of 2245 and 2645?
5
What is the greatest common divisor of 236677 and 161?
7
What is the highest common divisor of 63 and 15696?
9
What is the greatest common factor of 1224830 and 2650?
530
Calculate the highest common divisor of 21959 and 1883.
7
What is the greatest common divisor of 202752 and 5742?
198
Calculate the greatest common factor of 1180 and 198004.
236
What is the greatest common divisor of 34029 and 342?
171
What is the greatest common divisor of 17003 and 3123?
347
What is the highest common divisor of 938 and 1119503?
469
Calculate the highest common divisor of 15400608 and 96.
96
Calculate the highest common divisor of 663024 and 1824.
912
Calculate the greatest common divisor of 148304 and 1472.
368
Calculate the highest common divisor of 299 and 18446.
23
Calculate the greatest common factor of 1484 and 41764.
212
What is the greatest common divisor of 63924 and 588?
84
What is the highest common divisor of 33633 and 9324?
333
Calculate the highest common divisor of 4088 and 266.
14
What is the highest common divisor of 153 and 1061922?
51
What is the highest common factor of 93791 and 21136?
1321
What is the highest common divisor of 55416 and 81?
3
What is the highest common divisor of 44067 and 5106?
111
What is the highest common divisor of 5000 and 35?
5
Calculate the highest common factor of 5518 and 717696.
178
What is the greatest common factor of 982854 and 324?
162
Calculate the greatest common factor of 6253 and 22139.
169
What is the greatest common divisor of 246788 and 412?
412
What is the greatest common divisor of 55 and 41118?
11
What is the highest common factor of 49 and 22176?
7
Calculate the highest common factor of 252 and 858123.
63
What is the greatest common divisor of 15345 and 1980?
495
Calculate the highest common factor of 579 and 18721.
193
Calculate the highest common divisor of 3 and 290877.
3
Calculate the highest common factor of 1904 and 125188.
476
What is the highest common factor of 3576 and 456?
24
What is the greatest common factor of 351 and 736047?
351
What is the highest common divisor of 12901 and 4921?
133
What is the greatest common factor of 6 and 6764946?
6
Calculate the highest common divisor of 6332851 and 14.
7
What is the highest common factor of 3966 and 2?
2
Calculate the greatest common factor of 200 and 184550.
50
What is the highest common factor of 1191 and 24039?
3
What is the greatest common divisor of 105313 and 65?
13
What is the greatest common divisor of 98 and 456848?
14
Calculate the highest common factor of 868 and 235879.
217
Calculate the greatest common divisor of 2730931 and 1802.
901
Calculate the highest common divisor of 9550 and 2674.
382
What is the highest common divisor of 63936 and 18?
18
Calculate the highest common divisor of 753 and 69.
3
What is the greatest common divisor of 794057 and 22?
11
Calculate the highest common divisor of 896 and 125300.
28
Calculate the greatest common divisor of 738 and 486.
18
Calculate the highest common factor of 15192 and 11736.
72
Calculate the greatest common divisor of 1474273 and 29.
29
What is the greatest common factor of 4744 and 80?
8
Calculate the highest common divisor of 63 and 3143.
7
Calculate the greatest common divisor of 852731 and 33.
11
Calculate the highest common divisor of 374 and 18634.
22
Calculate the highest common factor of 7 and 274687.
7
Calculate the highest common factor of 110476 and 15052.
284
Calculate the highest common divisor of 46330 and 170630.
1130
What is the highest common divisor of 12 and 30?
6
Calculate the greatest common factor of 5346 and 11376.
18
What is the greatest common divisor of 4494 and 25680?
642
What is the highest common factor of 9168 and 9741?
573
Calculate the greatest common divisor of 5860 and 4.
4
What is the highest common factor of 28836 and 54?
54
What is the highest common factor of 415 and 1017995?
415
Calculate the highest common factor of 265 and 23585.
265
What is the highest common divisor of 857084 and 12?
4
What is the highest common factor of 16644 and 146?
146
What is the highest common factor of 117878 and 51?
17
Calculate the greatest common factor of 10656 and 156.
12
What is the highest common divisor of 2850 and 1725200?
950
Calculate the highest common factor of 678 and 640258.
226
Calculate the greatest common factor of 6084 and 153621.
1521
Calculate the highest common factor of 6214 and 7852.
26
What is the highest common divisor of 1025 and 8253300?
1025
What is the greatest common factor of 14275 and 175?
25
What is the greatest common factor of 64768 and 13376?
704
Calculate the highest common factor of 29146 and 418.
38
What is the highest common factor of 244 and 2836?
4
What is the greatest common factor of 642395 and 130?
65
What is the greatest common divisor of 208 and 188474?
26
What is the highest common divisor of 4690 and 43550?
670
Calculate the greatest common factor of 63 and 76113.
9
What is the greatest common factor of 5 and 15271?
1
Calculate the greatest common divisor of 15813 and 2863.
7
What is the greatest common factor of 10824725 and 25?
25
What is the highest common factor of 289 and 2533?
17
What is the highest common factor of 5774516 and 74?
74
Calculate the greatest common divisor of 300 and 12060.
60
Calculate the highest common divisor of 3 and 73833.
3
Calculate the highest common divisor of 556 and 3063560.
556
Calculate the greatest common divisor of 108872 and 341.
31
Calculate the greatest common factor of 6273 and 1530.
153
Calculate the highest common factor of 415 and 10651390.
415
What is the greatest common divisor of 1592 and 220492?
796
What is the greatest common factor of 6726 and 9024?
6
Calculate the greatest common factor of 413 and 1715.
7
What is the greatest common factor of 483825 and 60?
15
What is the greatest common divisor of 16432 and 156?
52
Calculate the highest common factor of 114800 and 99302.
574
What is the highest common factor of 28 and 2642?
2
What is the greatest common factor of 42 and 45150?
42
What is the greatest common divisor of 17 and 461516?
17
Calculate the highest common divisor of 54 and 26730.
54
Calculate the highest common factor of 203 and 6426.
7
Calculate the highest common factor of 100210 and 3850.
110
Calculate the greatest common factor of 54 and 36642.
6
Calculate the highest common divisor of 126 and 14014.
14
What is the greatest common factor of 41 and 418651?
41
What is the greatest common factor of 517 and 4841?
47
Calculate the highest common factor of 124335 and 4050.
405
Calculate the greatest common divisor of 38576 and 80.
16
What is the greatest common factor of 173663 and 7?
7
What is the highest common divisor of 1056 and 40326?
66
What is the highest common factor of 298 and 83887?
14